{"id":84,"date":"2022-11-16T14:14:22","date_gmt":"2022-11-16T14:14:22","guid":{"rendered":"http:\/\/www.vardarlaryapi.com\/?page_id=84"},"modified":"2022-11-19T13:47:11","modified_gmt":"2022-11-19T13:47:11","slug":"kanal-acma-ve-temizleme","status":"publish","type":"page","link":"http:\/\/www.vardarlaryapi.com\/?page_id=84","title":{"rendered":"Kanal A\u00e7ma Ve Temizleme"},"content":{"rendered":"\t\t<div data-elementor-type=\"wp-page\" data-elementor-id=\"84\" class=\"elementor elementor-84\">\n\t\t\t\t\t\t<section class=\"elementor-section elementor-top-section elementor-element elementor-element-390d6ee elementor-section-boxed elementor-section-height-default elementor-section-height-default\" data-id=\"390d6ee\" data-element_type=\"section\" data-e-type=\"section\">\n\t\t\t\t\t\t<div class=\"elementor-container elementor-column-gap-default\">\n\t\t\t\t\t<div class=\"elementor-column elementor-col-100 elementor-top-column elementor-element elementor-element-ff65b30\" data-id=\"ff65b30\" data-element_type=\"column\" data-e-type=\"column\">\n\t\t\t<div class=\"elementor-widget-wrap elementor-element-populated\">\n\t\t\t\t\t\t<div class=\"elementor-element elementor-element-49b64c3 elementor-widget elementor-widget-heading\" data-id=\"49b64c3\" data-element_type=\"widget\" data-e-type=\"widget\" data-widget_type=\"heading.default\">\n\t\t\t\t<div class=\"elementor-widget-container\">\n\t\t\t\t\t<h2 class=\"elementor-heading-title elementor-size-default\">Kanal A\u00e7ma Ve Temizleme<\/h2>\t\t\t\t<\/div>\n\t\t\t\t<\/div>\n\t\t\t\t\t<\/div>\n\t\t<\/div>\n\t\t\t\t\t<\/div>\n\t\t<\/section>\n\t\t\t\t<section class=\"elementor-section elementor-top-section elementor-element elementor-element-d913ec2 elementor-section-boxed elementor-section-height-default elementor-section-height-default\" data-id=\"d913ec2\" data-element_type=\"section\" data-e-type=\"section\">\n\t\t\t\t\t\t<div class=\"elementor-container elementor-column-gap-default\">\n\t\t\t\t\t<div class=\"elementor-column elementor-col-100 elementor-top-column elementor-element elementor-element-c4abe17\" data-id=\"c4abe17\" data-element_type=\"column\" data-e-type=\"column\">\n\t\t\t<div class=\"elementor-widget-wrap elementor-element-populated\">\n\t\t\t\t\t\t<div class=\"elementor-element elementor-element-f4b6aec elementor-widget elementor-widget-text-editor\" data-id=\"f4b6aec\" data-element_type=\"widget\" data-e-type=\"widget\" data-widget_type=\"text-editor.default\">\n\t\t\t\t<div class=\"elementor-widget-container\">\n\t\t\t\t\t\t\t\t\t<h4 style=\"margin: 7.5pt 0cm 13.5pt; line-height: 18pt; background-image: initial; background-position: initial; background-size: initial; background-repeat: initial; background-attachment: initial; background-origin: initial; background-clip: initial;\"><span style=\"font-size:10.5pt;\nfont-family:&quot;Arial&quot;,&quot;sans-serif&quot;;color:#333333\">Ara\u00e7lar\u0131m\u0131z&nbsp;\u015fehir\nkanalizasyon sisteminde t\u0131kan\u0131kl\u0131klara yol a\u00e7an, kum, \u00e7ak\u0131l, toprak par\u00e7as\u0131,\npet \u015fi\u015fe, kat\u0131la\u015fm\u0131\u015f ya\u011f ve foseptik at\u0131klar\u0131n y\u00fcksek bas\u0131n\u00e7l\u0131 suyun par\u00e7alama\nve iteleme etkisi ile bertaraf edilmesini ve bulundu\u011fu yerden tahliye\nedilmesini sa\u011flamaktad\u0131r. Ekipman \u00fczerinde pozitif deplasmanl\u0131 bir vakum\npompas\u0131 ve y\u00fcksek bas\u0131n\u00e7l\u0131 su \u00fcreten bir su pompas\u0131 yer al\u0131r. Sistemde y\u00fcksek\nbas\u0131n\u00e7 pompas\u0131n\u0131n ihtiya\u00e7 duydu\u011fu suyu depolayan bir su tank\u0131 ve kanalizasyon\nsisteminden tahliye edilen at\u0131klar\u0131n depolanaca\u011f\u0131 bir at\u0131k tank\u0131 bulunur.\nKombine kanal a\u00e7ma arac\u0131 , kanaldaki t\u0131kan\u0131kl\u0131klar\u0131n y\u00fcksek bas\u0131n\u00e7l\u0131 su ile\na\u00e7\u0131lmas\u0131 i\u015flemini ger\u00e7ekle\u015ftirirken bir yandan da emi\u015f sistemi sayesinde menhol\na\u011fz\u0131na (r\u00f6gar bacas\u0131) s\u00fcr\u00fcklenen at\u0131klar\u0131n vakum sistemiyle tanka \u00e7ekilmesi\ni\u015flemini ger\u00e7ekle\u015ftirir. Kombine kanal a\u00e7ma ve temizleme arac\u0131n\u0131n vakumlama ya\nda y\u00fcksek bas\u0131n\u00e7l\u0131 kanal a\u00e7ma \u00f6zellikleri hem birlikte hem de ayr\u0131 ayr\u0131\n\u00e7al\u0131\u015ft\u0131r\u0131labilir.<\/span><span style=\"font-size:13.5pt;font-family:&quot;Roboto&quot;,&quot;serif&quot;;\nmso-bidi-font-family:Helvetica;color:#333333\"><o:p><\/o:p><\/span><\/h4>\t\t\t\t\t\t\t\t<\/div>\n\t\t\t\t<\/div>\n\t\t\t\t\t<\/div>\n\t\t<\/div>\n\t\t\t\t\t<\/div>\n\t\t<\/section>\n\t\t\t\t<\/div>\n\t\t","protected":false},"excerpt":{"rendered":"<p>Kanal A\u00e7ma Ve Temizleme Ara\u00e7lar\u0131m\u0131z&nbsp;\u015fehir kanalizasyon sisteminde t\u0131kan\u0131kl\u0131klara yol a\u00e7an, kum, \u00e7ak\u0131l, toprak par\u00e7as\u0131, pet \u015fi\u015fe, kat\u0131la\u015fm\u0131\u015f ya\u011f ve foseptik at\u0131klar\u0131n y\u00fcksek bas\u0131n\u00e7l\u0131 suyun par\u00e7alama ve iteleme etkisi ile bertaraf edilmesini ve bulundu\u011fu yerden tahliye edilmesini sa\u011flamaktad\u0131r. Ekipman \u00fczerinde pozitif deplasmanl\u0131 bir vakum pompas\u0131 ve y\u00fcksek bas\u0131n\u00e7l\u0131 su \u00fcreten bir su pompas\u0131 yer al\u0131r. Sistemde [&hellip;]<\/p>\n","protected":false},"author":1,"featured_media":0,"parent":0,"menu_order":0,"comment_status":"closed","ping_status":"closed","template":"","meta":{"site-sidebar-layout":"no-sidebar","site-content-layout":"page-builder","ast-site-content-layout":"default","site-content-style":"default","site-sidebar-style":"default","ast-global-header-display":"","ast-banner-title-visibility":"","ast-main-header-display":"","ast-hfb-above-header-display":"","ast-hfb-below-header-display":"","ast-hfb-mobile-header-display":"","site-post-title":"disabled","ast-breadcrumbs-content":"","ast-featured-img":"disabled","footer-sml-layout":"","ast-disable-related-posts":"","theme-transparent-header-meta":"","adv-header-id-meta":"","stick-header-meta":"","header-above-stick-meta":"","header-main-stick-meta":"","header-below-stick-meta":"","astra-migrate-meta-layouts":"default","ast-page-background-enabled":"default","ast-page-background-meta":{"desktop":{"background-color":"var(--ast-global-color-4)","background-image":"","background-repeat":"repeat","background-position":"center center","background-size":"auto","background-attachment":"scroll","background-type":"","background-media":"","overlay-type":"","overlay-color":"","overlay-opacity":"","overlay-gradient":""},"tablet":{"background-color":"","background-image":"","background-repeat":"repeat","background-position":"center center","background-size":"auto","background-attachment":"scroll","background-type":"","background-media":"","overlay-type":"","overlay-color":"","overlay-opacity":"","overlay-gradient":""},"mobile":{"background-color":"","background-image":"","background-repeat":"repeat","background-position":"center center","background-size":"auto","background-attachment":"scroll","background-type":"","background-media":"","overlay-type":"","overlay-color":"","overlay-opacity":"","overlay-gradient":""}},"ast-content-background-meta":{"desktop":{"background-color":"var(--ast-global-color-5)","background-image":"","background-repeat":"repeat","background-position":"center center","background-size":"auto","background-attachment":"scroll","background-type":"","background-media":"","overlay-type":"","overlay-color":"","overlay-opacity":"","overlay-gradient":""},"tablet":{"background-color":"var(--ast-global-color-5)","background-image":"","background-repeat":"repeat","background-position":"center center","background-size":"auto","background-attachment":"scroll","background-type":"","background-media":"","overlay-type":"","overlay-color":"","overlay-opacity":"","overlay-gradient":""},"mobile":{"background-color":"var(--ast-global-color-5)","background-image":"","background-repeat":"repeat","background-position":"center center","background-size":"auto","background-attachment":"scroll","background-type":"","background-media":"","overlay-type":"","overlay-color":"","overlay-opacity":"","overlay-gradient":""}},"footnotes":""},"class_list":["post-84","page","type-page","status-publish","hentry"],"yoast_head":"<!-- This site is optimized with the Yoast SEO plugin v27.4 - https:\/\/yoast.com\/product\/yoast-seo-wordpress\/ -->\n<title>Kanal A\u00e7ma Ve Temizleme - Vardarlar Yap\u0131<\/title>\n<meta name=\"robots\" content=\"index, follow, max-snippet:-1, max-image-preview:large, max-video-preview:-1\" \/>\n<link rel=\"canonical\" href=\"http:\/\/www.vardarlaryapi.com\/?page_id=84\" \/>\n<meta property=\"og:locale\" content=\"tr_TR\" \/>\n<meta property=\"og:type\" content=\"article\" \/>\n<meta property=\"og:title\" content=\"Kanal A\u00e7ma Ve Temizleme - Vardarlar Yap\u0131\" \/>\n<meta property=\"og:description\" content=\"Kanal A\u00e7ma Ve Temizleme Ara\u00e7lar\u0131m\u0131z&nbsp;\u015fehir kanalizasyon sisteminde t\u0131kan\u0131kl\u0131klara yol a\u00e7an, kum, \u00e7ak\u0131l, toprak par\u00e7as\u0131, pet \u015fi\u015fe, kat\u0131la\u015fm\u0131\u015f ya\u011f ve foseptik at\u0131klar\u0131n y\u00fcksek bas\u0131n\u00e7l\u0131 suyun par\u00e7alama ve iteleme etkisi ile bertaraf edilmesini ve bulundu\u011fu yerden tahliye edilmesini sa\u011flamaktad\u0131r. Ekipman \u00fczerinde pozitif deplasmanl\u0131 bir vakum pompas\u0131 ve y\u00fcksek bas\u0131n\u00e7l\u0131 su \u00fcreten bir su pompas\u0131 yer al\u0131r. Sistemde [&hellip;]\" \/>\n<meta property=\"og:url\" content=\"http:\/\/www.vardarlaryapi.com\/?page_id=84\" \/>\n<meta property=\"og:site_name\" content=\"Vardarlar Yap\u0131\" \/>\n<meta property=\"article:modified_time\" content=\"2022-11-19T13:47:11+00:00\" \/>\n<meta name=\"twitter:card\" content=\"summary_large_image\" \/>\n<meta name=\"twitter:label1\" content=\"Tahmini okuma s\u00fcresi\" \/>\n\t<meta name=\"twitter:data1\" content=\"1 dakika\" \/>\n<script type=\"application\/ld+json\" class=\"yoast-schema-graph\">{\"@context\":\"https:\\\/\\\/schema.org\",\"@graph\":[{\"@type\":\"WebPage\",\"@id\":\"http:\\\/\\\/www.vardarlaryapi.com\\\/?page_id=84\",\"url\":\"http:\\\/\\\/www.vardarlaryapi.com\\\/?page_id=84\",\"name\":\"Kanal A\u00e7ma Ve Temizleme - Vardarlar Yap\u0131\",\"isPartOf\":{\"@id\":\"http:\\\/\\\/www.vardarlaryapi.com\\\/#website\"},\"datePublished\":\"2022-11-16T14:14:22+00:00\",\"dateModified\":\"2022-11-19T13:47:11+00:00\",\"breadcrumb\":{\"@id\":\"http:\\\/\\\/www.vardarlaryapi.com\\\/?page_id=84#breadcrumb\"},\"inLanguage\":\"tr\",\"potentialAction\":[{\"@type\":\"ReadAction\",\"target\":[\"http:\\\/\\\/www.vardarlaryapi.com\\\/?page_id=84\"]}]},{\"@type\":\"BreadcrumbList\",\"@id\":\"http:\\\/\\\/www.vardarlaryapi.com\\\/?page_id=84#breadcrumb\",\"itemListElement\":[{\"@type\":\"ListItem\",\"position\":1,\"name\":\"Anasayfa\",\"item\":\"http:\\\/\\\/www.vardarlaryapi.com\\\/\"},{\"@type\":\"ListItem\",\"position\":2,\"name\":\"Kanal A\u00e7ma Ve Temizleme\"}]},{\"@type\":\"WebSite\",\"@id\":\"http:\\\/\\\/www.vardarlaryapi.com\\\/#website\",\"url\":\"http:\\\/\\\/www.vardarlaryapi.com\\\/\",\"name\":\"Vardarlar Yap\u0131\",\"description\":\"\",\"publisher\":{\"@id\":\"http:\\\/\\\/www.vardarlaryapi.com\\\/#organization\"},\"potentialAction\":[{\"@type\":\"SearchAction\",\"target\":{\"@type\":\"EntryPoint\",\"urlTemplate\":\"http:\\\/\\\/www.vardarlaryapi.com\\\/?s={search_term_string}\"},\"query-input\":{\"@type\":\"PropertyValueSpecification\",\"valueRequired\":true,\"valueName\":\"search_term_string\"}}],\"inLanguage\":\"tr\"},{\"@type\":\"Organization\",\"@id\":\"http:\\\/\\\/www.vardarlaryapi.com\\\/#organization\",\"name\":\"Vardarlar Yap\u0131\",\"url\":\"http:\\\/\\\/www.vardarlaryapi.com\\\/\",\"logo\":{\"@type\":\"ImageObject\",\"inLanguage\":\"tr\",\"@id\":\"http:\\\/\\\/www.vardarlaryapi.com\\\/#\\\/schema\\\/logo\\\/image\\\/\",\"url\":\"http:\\\/\\\/www.vardarlaryapi.com\\\/\\\/wp-content\\\/uploads\\\/2022\\\/11\\\/cropped-logo-1.png\",\"contentUrl\":\"http:\\\/\\\/www.vardarlaryapi.com\\\/\\\/wp-content\\\/uploads\\\/2022\\\/11\\\/cropped-logo-1.png\",\"width\":300,\"height\":100,\"caption\":\"Vardarlar Yap\u0131\"},\"image\":{\"@id\":\"http:\\\/\\\/www.vardarlaryapi.com\\\/#\\\/schema\\\/logo\\\/image\\\/\"}}]}<\/script>\n<!-- \/ Yoast SEO plugin. -->","yoast_head_json":{"title":"Kanal A\u00e7ma Ve Temizleme - Vardarlar Yap\u0131","robots":{"index":"index","follow":"follow","max-snippet":"max-snippet:-1","max-image-preview":"max-image-preview:large","max-video-preview":"max-video-preview:-1"},"canonical":"http:\/\/www.vardarlaryapi.com\/?page_id=84","og_locale":"tr_TR","og_type":"article","og_title":"Kanal A\u00e7ma Ve Temizleme - Vardarlar Yap\u0131","og_description":"Kanal A\u00e7ma Ve Temizleme Ara\u00e7lar\u0131m\u0131z&nbsp;\u015fehir kanalizasyon sisteminde t\u0131kan\u0131kl\u0131klara yol a\u00e7an, kum, \u00e7ak\u0131l, toprak par\u00e7as\u0131, pet \u015fi\u015fe, kat\u0131la\u015fm\u0131\u015f ya\u011f ve foseptik at\u0131klar\u0131n y\u00fcksek bas\u0131n\u00e7l\u0131 suyun par\u00e7alama ve iteleme etkisi ile bertaraf edilmesini ve bulundu\u011fu yerden tahliye edilmesini sa\u011flamaktad\u0131r. Ekipman \u00fczerinde pozitif deplasmanl\u0131 bir vakum pompas\u0131 ve y\u00fcksek bas\u0131n\u00e7l\u0131 su \u00fcreten bir su pompas\u0131 yer al\u0131r. Sistemde [&hellip;]","og_url":"http:\/\/www.vardarlaryapi.com\/?page_id=84","og_site_name":"Vardarlar Yap\u0131","article_modified_time":"2022-11-19T13:47:11+00:00","twitter_card":"summary_large_image","twitter_misc":{"Tahmini okuma s\u00fcresi":"1 dakika"},"schema":{"@context":"https:\/\/schema.org","@graph":[{"@type":"WebPage","@id":"http:\/\/www.vardarlaryapi.com\/?page_id=84","url":"http:\/\/www.vardarlaryapi.com\/?page_id=84","name":"Kanal A\u00e7ma Ve Temizleme - Vardarlar Yap\u0131","isPartOf":{"@id":"http:\/\/www.vardarlaryapi.com\/#website"},"datePublished":"2022-11-16T14:14:22+00:00","dateModified":"2022-11-19T13:47:11+00:00","breadcrumb":{"@id":"http:\/\/www.vardarlaryapi.com\/?page_id=84#breadcrumb"},"inLanguage":"tr","potentialAction":[{"@type":"ReadAction","target":["http:\/\/www.vardarlaryapi.com\/?page_id=84"]}]},{"@type":"BreadcrumbList","@id":"http:\/\/www.vardarlaryapi.com\/?page_id=84#breadcrumb","itemListElement":[{"@type":"ListItem","position":1,"name":"Anasayfa","item":"http:\/\/www.vardarlaryapi.com\/"},{"@type":"ListItem","position":2,"name":"Kanal A\u00e7ma Ve Temizleme"}]},{"@type":"WebSite","@id":"http:\/\/www.vardarlaryapi.com\/#website","url":"http:\/\/www.vardarlaryapi.com\/","name":"Vardarlar Yap\u0131","description":"","publisher":{"@id":"http:\/\/www.vardarlaryapi.com\/#organization"},"potentialAction":[{"@type":"SearchAction","target":{"@type":"EntryPoint","urlTemplate":"http:\/\/www.vardarlaryapi.com\/?s={search_term_string}"},"query-input":{"@type":"PropertyValueSpecification","valueRequired":true,"valueName":"search_term_string"}}],"inLanguage":"tr"},{"@type":"Organization","@id":"http:\/\/www.vardarlaryapi.com\/#organization","name":"Vardarlar Yap\u0131","url":"http:\/\/www.vardarlaryapi.com\/","logo":{"@type":"ImageObject","inLanguage":"tr","@id":"http:\/\/www.vardarlaryapi.com\/#\/schema\/logo\/image\/","url":"http:\/\/www.vardarlaryapi.com\/\/wp-content\/uploads\/2022\/11\/cropped-logo-1.png","contentUrl":"http:\/\/www.vardarlaryapi.com\/\/wp-content\/uploads\/2022\/11\/cropped-logo-1.png","width":300,"height":100,"caption":"Vardarlar Yap\u0131"},"image":{"@id":"http:\/\/www.vardarlaryapi.com\/#\/schema\/logo\/image\/"}}]}},"_links":{"self":[{"href":"http:\/\/www.vardarlaryapi.com\/index.php?rest_route=\/wp\/v2\/pages\/84","targetHints":{"allow":["GET"]}}],"collection":[{"href":"http:\/\/www.vardarlaryapi.com\/index.php?rest_route=\/wp\/v2\/pages"}],"about":[{"href":"http:\/\/www.vardarlaryapi.com\/index.php?rest_route=\/wp\/v2\/types\/page"}],"author":[{"embeddable":true,"href":"http:\/\/www.vardarlaryapi.com\/index.php?rest_route=\/wp\/v2\/users\/1"}],"replies":[{"embeddable":true,"href":"http:\/\/www.vardarlaryapi.com\/index.php?rest_route=%2Fwp%2Fv2%2Fcomments&post=84"}],"version-history":[{"count":5,"href":"http:\/\/www.vardarlaryapi.com\/index.php?rest_route=\/wp\/v2\/pages\/84\/revisions"}],"predecessor-version":[{"id":157,"href":"http:\/\/www.vardarlaryapi.com\/index.php?rest_route=\/wp\/v2\/pages\/84\/revisions\/157"}],"wp:attachment":[{"href":"http:\/\/www.vardarlaryapi.com\/index.php?rest_route=%2Fwp%2Fv2%2Fmedia&parent=84"}],"curies":[{"name":"wp","href":"https:\/\/api.w.org\/{rel}","templated":true}]}}